= 12*i + 415. Give h(-35).
-5
Let v(g) = -g**3 + 10*g**2 - 9*g + 7. Determine v(9).
7
Let q(f) = -3*f + 37. Calculate q(8).
13
Let s(b) = 29*b - 13. Calculate s(2).
45
Let r(q) = q**2 - 9*q + 16. What is r(6)?
-2
Let k(b) = -b**3 + 21*b**2 - 82*b + 5. Calculate k(5).
-5
Let a(z) = -z**2 + z - 1. Give a(0).
-1
Let v(t) = 106*t - 1375. Calculate v(13).
3
Let l(d) = -3*d**3 + 10*d**2 + 6*d - 1. Determine l(4).
-9
Let z(v) = -4*v**3 + 5*v**2 - 5. Give z(2).
-17
Let d(l) = l**3 + 24*l**2 + 42*l - 43. Give d(-22).
1
Let x(y) = -y**2 - 7*y + 12. Calculate x(-9).
-6
Let l(t) = 23*t**3 + t**2 + 2*t - 3. What is l(1)?
23
Let g(j) = j**2 + 60*j - 476. Give g(-67).
-7
Let r(j) = -9*j**3 - 2*j + 3. Determine r(1).
-8
Let o(c) = c**3 - 13*c**2 - c + 19. Give o(13).
6
Let v(c) = c**3 + 5*c**2 - 3*c - 7. Determine v(-5).
8
Let q(g) = g**3 - 9*g**2 + 7*g + 4. Give q(8).
-4
Let h(m) = -37*m - 156. Calculate h(-4).
-8
Let q(i) = 5*i + 52. What is q(23)?
167
Let z(i) = 7*i - 62. Calculate z(7).
-13
Let d(t) = -t + 39. Calculate d(0).
39
Let c(p) = -p**3 + 12*p**2 + 12*p + 15. What is c(13)?
2
Let l(o) = o**2 + 38*o + 219. What is l(-31)?
2
Let d(r) = 7*r - 6. Calculate d(-9).
-69
Let u(t) = -t**2 - 10*t - 21. Give u(-8).
-5
Let s(j) = j**2 + 8*j + 3. Determine s(-10).
23
Let u(y) = 13*y**3 - y**2 - y. What is u(-1)?
-13
Let x(p) = p**2 - p - 62. Calculate x(0).
-62
Let u(i) = i**2 + i + 15. What is u(0)?
15
Let k(p) = -14*p**2 - 4*p + 6. Calculate k(1).
-12
Let v(f) = -4*f - 70. Determine v(-17).
-2
Let u(p) = p - 22. Determine u(22).
0
Let o(q) = q**2 + q - 5. Calculate o(-6).
25
Let u(z) = -10*z - 2. Give u(3).
-32
Let y(g) = -g - 1. Calculate y(2).
-3
Let t(q) = -q + 18. Determine t(21).
-3
Let t(f) = -3*f + 32. Determine t(13).
-7
Let s(j) = -j**2 + 23*j + 79. What is s(26)?
1
Let r(z) = -4*z + 3. Determine r(-5).
23
Let p(v) = v + 18. Determine p(0).
18
Let a(s) = 5*s + 230. Determine a(-36).
50
Let u(w) = -6*w + 13. Determine u(6).
-23
Let x(v) = -224*v - 1348. Determine x(-6).
-4
Let z(a) = 3*a**3 - 2*a**2 + 3*a - 2. Give z(1).
2
Let d(i) = -i**3 - 22*i**2 - 24*i - 56. What is d(-21)?
7
Let k(s) = 63*s - 185. Determine k(3).
4
Let g(m) = -20*m**2 - 1. Give g(1).
-21
Let h(q) = 11*q**3 - 4*q**2 + 6*q - 3. Give h(2).
81
Let c(q) = 7*q - 351. Give c(51).
6
Let l(j) = 12*j + 252. What is l(-23)?
-24
Let o(n) = -n**3 + 8*n**2 + 7*n + 13. Give o(9).
-5
Let r(a) = 4*a**2 - a + 2. Calculate r(5).
97
Let o(v) = 2*v - 1. Give o(5).
9
Let d(n) = -n**3 + 17*n**2 - 12*n - 72. What is d(16)?
-8
Let x(g) = 3*g**2 - 137*g - 44. Calculate x(46).
2
Let j(k) = -2*k + 5. Give j(-8).
21
Let x(u) = u**2 - 6*u - 3. Give x(4).
-11
Let k(f) = -4*f**3 + 107*f**2 - 77*f - 31. Determine k(26).
-5
Let y(g) = -11*g - 98. Determine y(-11).
23
Let z(h) = h**2 - 15*h - 23. Determine z(14).
-37
Let w(d) = -d**2 + 10*d + 6. Determine w(11).
-5
Let r(q) = -q**2 - 39*q + 75. What is r(-41)?
-7
Let v(m) = 4*m**3 + 30*m**2 - 55*m - 2. What is v(-9)?
7
Let b(z) = -z**3 + 8*z**2 + 21*z - 5. What is b(10)?
5
Let x(t) = 4*t + 12. Determine x(-6).
-12
Let f(o) = -o**3 + 4*o**2 - 2*o + 1. Give f(4).
-7
Let i(f) = -f**2 - 4*f + 3. Calculate i(-5).
-2
Let a(b) = -b**2 - 3*b - 14. Determine a(-7).
-42
Let m(a) = -a + 32. Calculate m(10).
22
Let s(c) = -c**3 + c - 38. What is s(0)?
-38
Let r(c) = -23*c**2 + 5*c. What is r(1)?
-18
Let i(s) = s**3 + 7*s**2 + 12*s + 14. Give i(-6).
-22
Let v(s) = s**2 + 10*s - 12. Determine v(-10).
-12
Let f(d) = -13*d + 12. Calculate f(-8).
116
Let s(l) = -28*l - 2. Give s(-1).
26
Let y(s) = s**3 + 9*s**2 - 23*s + 13. Calculate y(-11).
24
Let n(x) = -16*x**2 + 2*x - 1. Give n(1).
-15
Let w(v) = -3*v + 21. Determine w(14).
-21
Let k(v) = -7*v - 87. Give k(-12).
-3
Let g(p) = -p - 12. Give g(9).
-21
Let p(n) = n**3 + 13*n**2 + 12*n - 6. Calculate p(-12).
-6
Let h(v) = -v**3 + 3*v**2 - v. Calculate h(4).
-20
Let u(s) = 3*s**2 - 68*s - 7. What is u(23)?
16
Let k(b) = -b**2 - 11*b - 4. What is k(-11)?
-4
Let g(q) = -23*q**2 + 7*q. Calculate g(2).
-78
Let u(j) = -j + 10. Determine u(10).
0
Let q(n) = -3*n - 20. Determine q(-5).
-5
Let g(w) = -w**3 - 4*w**2 + 5*w - 7. What is g(-5)?
-7
Let a(m) = -m**3 + 6*m**2 - 9*m + 10. Calculate a(5).
-10
Let s(f) = -f**3 - 15*f**2 + 3*f + 43. Give s(-15).
-2
Let u(v) = 5*v + 14. Calculate u(-7).
-21
Let m(z) = -z**3 - 7*z**2 + 7*z + 1. What is m(-8)?
9
Let q(a) = a**2 + 8*a + 15. Determine q(-12).
63
Let i(p) = 17*p - 39. Determine i(5).
46
Let u(j) = j**3 - 8*j**2 - 2*j - 19. What is u(8)?
-35
Let i(b) = 23*b - 761. Calculate i(33).
-2
Let d(c) = -3*c - 15. What is d(-7)?
6
Let t(h) = 4*h - 26. Give t(5).
-6
Let k(m) = m**2 - 12*m - 211. What is k(22)?
9
Let d(x) = -x**3 + 9*x**2 + 4. What is d(9)?
4
Let w(a) = -a**3 - 13*a**2 - 14*a - 2. Calculate w(-12).
22
Let c(f) = f**3 - 6*f**2 - 6*f - 3. What is c(7)?
4
Let f(i) = i**2 + 17*i - 20. Determine f(-19).
18
Let d(u) = -2*u**2 + 42. Give d(0).
42
Let x(r) = r**3 + 11*r**2 + 20*r - 24. Determine x(-10).
-124
Let h(x) = x - 10. What is h(7)?
-3
Let s(l) = -6*l + 15. Determine s(-2).
27
Let q(z) = -z**2 - 9*z + 13. Determine q(-8).
21
Let f(y) = -42*y**3 - y**2 - y + 3. Determine f(1).
-41
Let u(c) = -c**3 - 16*c**2 - 14*c + 17. Give u(-15).
2
Let d(q) = -2*q**3 - 27*q**2 - 91*q + 7. Calculate d(-7).
7
Let u(v) = 2*v**2 - 9*v + 13. Give u(4).
9
Let o(w) = -w**3 + 9*w**2 - 11*w + 23. Give o(8).
-1
Let c(v) = v**3 - 22*v**2 + 113*v - 5. Calculate c(8).
3
Let f(m) = -m**2 - 9*m + 19. Calculate f(-8).
27
Let j(o) = o + 19. Give j(8).
27
Let i(m) = m**2 - 352. Determine i(19).
9
Let z(p) = -2*p - 2. Give z(4).
-10
Let l(r) = -r + 36. Determine l(16).
20
Let m(j) = -3*j - 19. Give m(-8).
5
Let h(m) = -m**3 - 3*m**2 + 11*m. Give h(-5).
-5
Let a(l) = l**2 + 3*l - 3. Give a(2).
7
Let z(v) = -5*v**3 + 2*v**2 + 2*v + 2. Determine z(3).
-109
Let b(z) = z - 6. What is b(2)?
-4
Let d(z) = -z**3 + 12*z**2 + 13*z - 3. Determine d(13).
-3
Let u(q) = 5*q - 8. Determine u(6).
22
Let x(n) = n**3 - 7*n**2 + 5*n + 5. Calculate x(6).
-1
Let q(u) = -u**3 - 6*u**2 + 2*u - 4. What is q(-7)?
31
Let w(l) = l - 3. Determine w(1).
-2
Let l(t) = 2*t**2 - 14*t - 10. Calculate l(6).
-22
Let z(f) = f + 10. Calculate z(-7).
3
Let f(d) = 82*d**3 + d**2. Determine f(-1).
-81
Let a(w) = 6*w**3 - 3*w**2 - 4*w + 4. Give a(1).
3
Let s(p) = -p**2 - 18*p - 9. Determine s(-18).
-9
Let x(f) = 2*f**3 - 18*f**2 - 2*f - 17. Calculate x(9).
-35
Let j(h) = -2*h**3 + 21*h**2 - 5*h + 16. Calculate j(10).
66
Let s(r) = 2*r**2 - 13*r - 10. Calculate s(8).
14
Let k(j) = 2*j - 32. Determine k(15).
-2
Let q(m) = -m**2 - 14*m - 29. What is q(-8)?
19
Let f(t) = 2*t**2 + t - 7. Determine f(3).
14
Let q(w) = -w**3 + 2*w**2 - w - 2. Give q(2).
-4
Let i(b) = -b - 14. Calculate i(-6).
-8
Let r(t) = -t**2 - 21*t + 7. What is r(-21)?
7
Let q(m) = -m**3 + 12*m**2 - 9*m + 1. What is q(11)?
23
Let c(f) = -48*f - 531. Determine c(-11).
-3
Let b(s) = -3*s + 22. Give b(10).
-8
Let t(g) = g**3 + 6*g**2 + 9*g + 10. Calculate t(-4).
6
Let q(w) = 4*w**2 + 14*w - 20. What is q(3)?
58
Let h(f) = f**3 - 12*f**2 - 3*f. Determine h(12).
-36
Let v(q) = q**3 + 10*q**2 - 12*q - 13. What is v(-11)?
-2
Let j(g) = g**3 + 18*g**2 + 32*g - 10. Calculate j(-16).
-10
Let i(f) = 24*f + 214. What is i(-9)?
-2
Let w(l) = 2*l**3 - l**2 - l - 2. Calculate w(2).
8
Let s(x) = x**3 - 15*x**2 + 2*x - 24. Determine s(15).
6
Let v(r) = 9*r - 13. Determine v(4).
23
Let p(z) = -2*z + 9. What is p(-12)?
33
Let n(l) = -4*l + 54. Calculate n(21).
-30
Let h(y) = 2*y**2 - 40*y - 41. Calculate h(21).
1
Let b(l) = -3*l + 30. What is b(15)?
-15
Let d(h) = -h + 7. Calculate d(6).
1
Let r(o) = o**2 + 4*o - 23. What is r(-6)?
-11
Let i(a) = 4*a**2 - 22*a - 55. Determine i(8).
25
Let h(n) = 27*n**3 - 2*n**2 - 4*n - 1. What is h(-2)?
-217
Let y(k) = 2*k**3 - 32*k**2 + 4*k - 32. Calculate y(16).
32
Let h(a) = 2*a + 1. Calculate h(-14).
-27
Let m(y) = y**3 + 10*y**2 - 14*y - 11. Determine m(-11).
22
Let n(s) = s**2 - 2*s - 33. Determine n(7).
2
Let n(d) = -4*d + 42. Calculate n(11).
-2
Let a(w) = 4*w**2 - w. Give a(-2).
18
Let h(d) = -8*d. What is h(-6)?
48
Let b(a) = 2*a**2 - 49*a - 209. Give b(28).
-13
Let f(m) = m**2 - 8*m - 26. What is f(-5)?
39
Let p(j) = -j**3 + 20*j**2 - 64*j + 12. Determine p(16)